 257.
1
What is the highest common divisor of 104 and 1742?
26
What is the highest common divisor of 3 and 6819?
3
What is the greatest common divisor of 9000 and 216?
72
What is the greatest common divisor of 88 and 154?
22
What is the greatest common factor of 319 and 44?
11
What is the highest common factor of 1008 and 42?
42
Calculate the greatest common divisor of 171 and 81.
9
What is the highest common factor of 100 and 240?
20
What is the highest common factor of 3130 and 15?
5
Calculate the greatest common divisor of 180 and 300.
60
Calculate the greatest common divisor of 118 and 1711.
59
What is the highest common factor of 174 and 6?
6
What is the highest common factor of 4 and 1?
1
What is the highest common factor of 27 and 1611?
9
Calculate the greatest common factor of 52 and 5044.
52
What is the greatest common divisor of 10 and 1360?
10
Calculate the highest common factor of 22 and 13156.
22
What is the highest common divisor of 1771 and 21?
7
Calculate the highest common factor of 20 and 20.
20
Calculate the highest common divisor of 4 and 82.
2
Calculate the greatest common divisor of 58 and 9164.
58
Calculate the highest common divisor of 120 and 12945.
15
Calculate the greatest common divisor of 2923 and 79.
79
Calculate the greatest common divisor of 11 and 473.
11
Calculate the greatest common divisor of 12 and 90.
6
What is the highest common divisor of 707 and 161?
7
Calculate the highest common factor of 25591 and 157.
157
Calculate the greatest common divisor of 6 and 96.
6
Calculate the highest common factor of 44 and 3212.
44
Calculate the highest common divisor of 40 and 1144.
8
Calculate the highest common factor of 2 and 58.
2
Calculate the greatest common factor of 120 and 3720.
120
What is the highest common divisor of 1263 and 6?
3
Calculate the greatest common factor of 295 and 118.
59
Calculate the highest common divisor of 1408 and 22.
22
What is the highest common divisor of 68 and 8?
4
What is the highest common divisor of 365 and 5767?
73
What is the greatest common factor of 290 and 232?
58
Calculate the highest common factor of 1729 and 931.
133
Calculate the highest common factor of 12264 and 336.
168
What is the highest common factor of 4941 and 122?
61
Calculate the greatest common factor of 40 and 216.
8
Calculate the highest common factor of 22 and 4906.
22
Calculate the greatest common divisor of 2 and 314.
2
Calculate the greatest common divisor of 152 and 2.
2
What is the greatest common factor of 94 and 611?
47
Calculate the highest common divisor of 544 and 748.
68
What is the highest common divisor of 2604 and 8556?
372
Calculate the highest common divisor of 17 and 51.
17
What is the greatest common factor of 1878 and 6?
6
What is the highest common factor of 1342 and 1078?
22
Calculate the highest common factor of 8406 and 36.
18
What is the highest common factor of 54 and 1692?
18
What is the greatest common factor of 198 and 1683?
99
What is the highest common divisor of 1647 and 122?
61
What is the greatest common factor of 966 and 168?
42
What is the greatest common divisor of 429 and 33?
33
Calculate the highest common divisor of 144 and 112.
16
What is the greatest common divisor of 594 and 44?
22
Calculate the greatest common divisor of 48 and 324.
12
What is the highest common divisor of 30 and 510?
30
Calculate the greatest common divisor of 6 and 1626.
6
Calculate the highest common divisor of 3 and 48.
3
What is the greatest common divisor of 1690 and 390?
130
What is the highest common divisor of 3 and 582?
3
What is the highest common divisor of 32 and 1136?
16
What is the greatest common factor of 6241 and 79?
79
Calculate the greatest common factor of 1566 and 58.
58
What is the greatest common divisor of 136 and 48008?
136
What is the highest common divisor of 159 and 106?
53
What is the greatest common divisor of 36657 and 9?
9
Calculate the greatest common factor of 68 and 4.
4
Calculate the greatest common divisor of 64 and 31296.
64
What is the highest common factor of 352 and 33?
11
What is the greatest common divisor of 1830 and 30?
30
What is the highest common divisor of 3 and 316?
1
What is the greatest common divisor of 364 and 28?
28
What is the greatest common divisor of 69 and 161?
23
Calculate the highest common divisor of 19089 and 378.
189
What is the greatest common divisor of 1625 and 13?
13
What is the greatest common factor of 260 and 65?
65
What is the greatest common factor of 2831 and 2384?
149
What is the highest common divisor of 976 and 272?
16
What is the highest common factor of 5194 and 318?
106
Calculate the greatest common divisor of 48 and 204.
12
What is the highest common factor of 5 and 25?
5
What is the highest common divisor of 5624 and 456?
152
What is the highest common factor of 16 and 100?
4
What is the highest common divisor of 43 and 3827?
43
What is the greatest common factor of 16240 and 224?
112
What is the highest common factor of 89286 and 138?
138
What is the greatest common divisor of 1337 and 3056?
191
What is the highest common divisor of 66 and 186?
6
What is the greatest common factor of 12 and 87?
3
Calculate the highest common divisor of 14605 and 115.
115
What is the greatest common factor of 8 and 1624?
8
Calculate the highest common factor of 2523 and 3.
3
Calculate the highest common divisor of 11 and 99.
11
What is the highest common factor of 115 and 20?
5
Calculate the greatest common factor of 130 and 221.
13
What is the greatest common factor of 159 and 8427?
159
Calculate the greatest common divisor of 36 and 117.
9
Calculate the highest common factor of 232 and 145.
29
What is the greatest common factor of 425 and 68?
17
What is the greatest common divisor of 2158 and 234?
26
Calculate the greatest common divisor of 384 and 636.
12
Calculate the greatest common divisor of 95 and 19.
19
Calculate the highest common factor of 154 and 9058.
14
Calculate the greatest common factor of 27 and 25407.
27
What is the highest common divisor of 115 and 40?
5
Calculate the highest common factor of 790 and 79.
79
Calculate the highest common divisor of 9 and 2757.
3
What is the greatest common factor of 220 and 715?
55
Calculate the highest common divisor of 2 and 3326.
2
Calculate the highest common divisor of 11805 and 60.
15
Calculate the greatest common divisor of 469 and 14.
7
What is the greatest common factor of 15 and 705?
15
Calculate the greatest common factor of 581 and 664.
83
Calculate the highest common divisor of 729 and 18.
9
Calculate the highest common divisor of 280 and 90.
10
What is the greatest common factor of 2146 and 148?
74
What is the greatest common factor of 16 and 16?
16
What is the greatest common divisor of 975 and 3225?
75
What is the greatest common factor of 62 and 837?
31
What is the greatest common factor of 140 and 1288?
28
Calculate the highest common divisor of 87 and 9.
3
Calculate the highest common divisor of 1377 and 675.
27
What is the greatest common factor of 310 and 1178?
62
Calculate the highest common divisor of 255 and 34.
17
Calculate the highest common factor of 114 and 19038.
114
What is the greatest common factor of 2057 and 153?
17
What is the highest common factor of 91 and 28?
7
What is the greatest common factor of 15 and 465?
15
What is the greatest common factor of 28 and 4?
4
What is the highest common factor of 133 and 1057?
7
Calculate the greatest common divisor of 119 and 1411.
17
What is the highest common factor of 17 and 493?
17
Calculate the greatest common divisor of 1157 and 178.
89
What is the highest common divisor of 9212 and 470?
94
Calculate the highest common factor of 5 and 41.
1
Calculate the greatest common factor of 5829 and 87.
87
Calculate the highest common factor of 169 and 2.
1
What is the highest common factor of 10 and 230?
10
What is the greatest common factor of 18 and 6507?
9
Calculate the greatest common divisor of 8 and 688.
8
What is the greatest common factor of 354 and 52923?
177
What is the highest common factor of 66 and 6?
6
What is the highest common factor of 1 and 633?
1
What is the highest common divisor of 30 and 7845?
15
Calculate the highest common divisor of 15 and 183.
3
Calculate the greatest common factor